{"id":971,"date":"2022-09-12T18:52:51","date_gmt":"2022-09-12T18:52:51","guid":{"rendered":"https:\/\/bonshop.com.br\/testes\/?page_id=971"},"modified":"2025-07-28T18:01:59","modified_gmt":"2025-07-28T21:01:59","slug":"campanhas","status":"publish","type":"page","link":"https:\/\/bonshop.com.br\/testes\/campanhas\/","title":{"rendered":"Campanhas"},"content":{"rendered":"\t\t<div data-elementor-type=\"wp-page\" data-elementor-id=\"971\" class=\"elementor elementor-971\" data-elementor-post-type=\"page\">\n\t\t\t\t\t\t<section data-particle_enable=\"false\" data-particle-mobile-disabled=\"false\" class=\"elementor-section elementor-top-section elementor-element elementor-element-36b9e04 elementor-section-boxed elementor-section-height-default elementor-section-height-default\" data-id=\"36b9e04\" data-element_type=\"section\" data-e-type=\"section\">\n\t\t\t\t\t\t<div class=\"elementor-container elementor-column-gap-default\">\n\t\t\t\t\t<div class=\"elementor-column elementor-col-100 elementor-top-column elementor-element elementor-element-485e84c\" data-id=\"485e84c\" data-element_type=\"column\" data-e-type=\"column\">\n\t\t\t<div class=\"elementor-widget-wrap elementor-element-populated\">\n\t\t\t\t\t\t<div class=\"elementor-element elementor-element-8083e82 elementor-widget elementor-widget-spacer\" data-id=\"8083e82\" data-element_type=\"widget\" data-e-type=\"widget\" data-widget_type=\"spacer.default\">\n\t\t\t\t<div class=\"elementor-widget-container\">\n\t\t\t\t\t\t\t<div class=\"elementor-spacer\">\n\t\t\t<div class=\"elementor-spacer-inner\"><\/div>\n\t\t<\/div>\n\t\t\t\t\t\t<\/div>\n\t\t\t\t<\/div>\n\t\t\t\t\t<\/div>\n\t\t<\/div>\n\t\t\t\t\t<\/div>\n\t\t<\/section>\n\t\t\t\t<section data-particle_enable=\"false\" data-particle-mobile-disabled=\"false\" class=\"elementor-section elementor-top-section elementor-element elementor-element-6e75660 elementor-section-boxed elementor-section-height-default elementor-section-height-default\" data-id=\"6e75660\" data-element_type=\"section\" data-e-type=\"section\">\n\t\t\t\t\t\t<div class=\"elementor-container elementor-column-gap-default\">\n\t\t\t\t\t<div class=\"elementor-column elementor-col-100 elementor-top-column elementor-element elementor-element-89ae5ab\" data-id=\"89ae5ab\" data-element_type=\"column\" data-e-type=\"column\">\n\t\t\t<div class=\"elementor-widget-wrap elementor-element-populated\">\n\t\t\t\t\t\t<div class=\"elementor-element elementor-element-e82e521 elementor-widget elementor-widget-text-editor\" data-id=\"e82e521\" data-element_type=\"widget\" data-e-type=\"widget\" data-widget_type=\"text-editor.default\">\n\t\t\t\t<div class=\"elementor-widget-container\">\n\t\t\t\t\t\t\t\t\t<h3>Campanhas Vigentes\u00a0<\/h3>\t\t\t\t\t\t\t\t<\/div>\n\t\t\t\t<\/div>\n\t\t\t\t<div class=\"elementor-element elementor-element-c125402 elementor-widget elementor-widget-mfn_portfolio\" data-id=\"c125402\" data-element_type=\"widget\" data-e-type=\"widget\" data-widget_type=\"mfn_portfolio.default\">\n\t\t\t\t<div class=\"elementor-widget-container\">\n\t\t\t\t\t<div class=\"column_filters\"><div class=\"portfolio_wrapper isotope_wrapper \"><ul class=\"portfolio_group lm_wrapper isotope col-3 masonry-hover\"><\/ul><\/div>\n<\/div>\n\t\t\t\t<\/div>\n\t\t\t\t<\/div>\n\t\t\t\t\t<\/div>\n\t\t<\/div>\n\t\t\t\t\t<\/div>\n\t\t<\/section>\n\t\t\t\t<section data-particle_enable=\"false\" data-particle-mobile-disabled=\"false\" class=\"elementor-section elementor-top-section elementor-element elementor-element-425f5c3 elementor-section-boxed elementor-section-height-default elementor-section-height-default\" data-id=\"425f5c3\" data-element_type=\"section\" data-e-type=\"section\">\n\t\t\t\t\t\t<div class=\"elementor-container elementor-column-gap-default\">\n\t\t\t\t\t<div class=\"elementor-column elementor-col-100 elementor-top-column elementor-element elementor-element-521a04e\" data-id=\"521a04e\" data-element_type=\"column\" data-e-type=\"column\">\n\t\t\t<div class=\"elementor-widget-wrap\">\n\t\t\t\t\t\t\t<\/div>\n\t\t<\/div>\n\t\t\t\t\t<\/div>\n\t\t<\/section>\n\t\t\t\t<section data-particle_enable=\"false\" data-particle-mobile-disabled=\"false\" class=\"elementor-section elementor-top-section elementor-element elementor-element-03385f7 elementor-section-boxed elementor-section-height-default elementor-section-height-default\" data-id=\"03385f7\" data-element_type=\"section\" data-e-type=\"section\">\n\t\t\t\t\t\t<div class=\"elementor-container elementor-column-gap-default\">\n\t\t\t\t\t<div class=\"elementor-column elementor-col-100 elementor-top-column elementor-element elementor-element-25c1693\" data-id=\"25c1693\" data-element_type=\"column\" data-e-type=\"column\">\n\t\t\t<div class=\"elementor-widget-wrap elementor-element-populated\">\n\t\t\t\t\t\t<div class=\"elementor-element elementor-element-634dc88 elementor-widget elementor-widget-text-editor\" data-id=\"634dc88\" data-element_type=\"widget\" data-e-type=\"widget\" data-widget_type=\"text-editor.default\">\n\t\t\t\t<div class=\"elementor-widget-container\">\n\t\t\t\t\t\t\t\t\t<h3>Campanhas Finalizadas<\/h3>\t\t\t\t\t\t\t\t<\/div>\n\t\t\t\t<\/div>\n\t\t\t\t\t<\/div>\n\t\t<\/div>\n\t\t\t\t\t<\/div>\n\t\t<\/section>\n\t\t\t\t<section data-particle_enable=\"false\" data-particle-mobile-disabled=\"false\" class=\"elementor-section elementor-top-section elementor-element elementor-element-b1519a4 elementor-section-boxed elementor-section-height-default elementor-section-height-default\" data-id=\"b1519a4\" data-element_type=\"section\" data-e-type=\"section\">\n\t\t\t\t\t\t<div class=\"elementor-container elementor-column-gap-default\">\n\t\t\t\t\t<div class=\"elementor-column elementor-col-100 elementor-top-column elementor-element elementor-element-e630377\" data-id=\"e630377\" data-element_type=\"column\" data-e-type=\"column\">\n\t\t\t<div class=\"elementor-widget-wrap elementor-element-populated\">\n\t\t\t\t\t\t<div class=\"elementor-element elementor-element-c389fb2 elementor-widget elementor-widget-mfn_portfolio\" data-id=\"c389fb2\" data-element_type=\"widget\" data-e-type=\"widget\" data-widget_type=\"mfn_portfolio.default\">\n\t\t\t\t<div class=\"elementor-widget-container\">\n\t\t\t\t\t<div class=\"column_filters\"><div class=\"portfolio_wrapper isotope_wrapper \"><ul class=\"portfolio_group lm_wrapper isotope col-3 masonry-hover\"><li class=\"portfolio-item isotope-item category-finalizada wide has-thumbnail\"><div class=\"masonry-hover-wrapper\"><div class=\"hover-desc bg-light\" style=\"\"><div class=\"desc-inner\"><h5 class=\"entry-title \" itemprop=\"headline\"><a class=\"link\" href=\"https:\/\/bonshop.com.br\/testes\/portfolio-item\/de-ferias-com-a-gree\/\">De F\u00e9rias com a Gree<\/a><\/h5><div class=\"desc-wrapper\">De F\u00e9rias com a Gree A campanha De F\u00e9rias com a Gree est\u00e1 com pr\u00eamios imperd\u00edveis, s\u00e3o 5 pacotes de viagens com tudo pago para voc\u00ea<span class=\"excerpt-hellip\"> [\u2026]<\/span><\/div><\/div><div class=\"links-wrapper clearfix\"><a class=\"zoom\" href=\"https:\/\/bonshop.com.br\/testes\/wp-content\/uploads\/2023\/02\/de-ferias-com-a-gree-final-1024x800.webp\" rel=\"prettyphoto\"><i class=\"icon-search\" aria-label=\"zoom image\"><\/i><\/a><a class=\"link\" href=\"https:\/\/bonshop.com.br\/testes\/portfolio-item\/de-ferias-com-a-gree\/\"><i class=\"icon-link\" aria-label=\"go to link\"><\/i><\/a><\/div><\/div><div class=\"image-wrapper scale-with-grid\"><a class=\"link\" href=\"https:\/\/bonshop.com.br\/testes\/portfolio-item\/de-ferias-com-a-gree\/\"><img fetchpriority=\"high\" decoding=\"async\" width=\"1209\" height=\"945\" src=\"https:\/\/bonshop.com.br\/testes\/wp-content\/uploads\/2023\/02\/de-ferias-com-a-gree-final.webp\" class=\"scale-with-grid wp-post-image\" alt=\"\" itemprop=\"image\" srcset=\"https:\/\/bonshop.com.br\/testes\/wp-content\/uploads\/2023\/02\/de-ferias-com-a-gree-final.webp 1209w, https:\/\/bonshop.com.br\/testes\/wp-content\/uploads\/2023\/02\/de-ferias-com-a-gree-final-300x234.webp 300w, https:\/\/bonshop.com.br\/testes\/wp-content\/uploads\/2023\/02\/de-ferias-com-a-gree-final-1024x800.webp 1024w, https:\/\/bonshop.com.br\/testes\/wp-content\/uploads\/2023\/02\/de-ferias-com-a-gree-final-768x600.webp 768w, https:\/\/bonshop.com.br\/testes\/wp-content\/uploads\/2023\/02\/de-ferias-com-a-gree-final-96x75.webp 96w, https:\/\/bonshop.com.br\/testes\/wp-content\/uploads\/2023\/02\/de-ferias-com-a-gree-final-480x375.webp 480w, https:\/\/bonshop.com.br\/testes\/wp-content\/uploads\/2023\/02\/de-ferias-com-a-gree-final-800x625.webp 800w\" sizes=\"(max-width:767px) 480px, (max-width:1209px) 100vw, 1209px\" \/><\/a><\/div><\/div><\/li><li class=\"portfolio-item isotope-item category-finalizada wide has-thumbnail\"><div class=\"masonry-hover-wrapper\"><div class=\"hover-desc bg-light\" style=\"\"><div class=\"desc-inner\"><h5 class=\"entry-title \" itemprop=\"headline\"><a class=\"link\" href=\"https:\/\/bonshop.com.br\/testes\/portfolio-item\/cold-play\/\">Fique Cold e d\u00ea o Play nas Vendas<\/a><\/h5><div class=\"desc-wrapper\">Fique Cold e d\u00ea o Play nas Vendas! A campanha\u00a0Fique COLD e d\u00ea um PLAY nas vendas\u00a0veio para voc\u00ea come\u00e7ar o ano com o p\u00e9 direito,<span class=\"excerpt-hellip\"> [\u2026]<\/span><\/div><\/div><div class=\"links-wrapper clearfix\"><a class=\"zoom\" href=\"https:\/\/bonshop.com.br\/testes\/wp-content\/uploads\/2023\/01\/comapnha-cold-play-daikin-bonshop-2-1024x800-p-b.png.webp\" rel=\"prettyphoto\"><i class=\"icon-search\" aria-label=\"zoom image\"><\/i><\/a><a class=\"link\" href=\"https:\/\/bonshop.com.br\/testes\/portfolio-item\/cold-play\/\"><i class=\"icon-link\" aria-label=\"go to link\"><\/i><\/a><\/div><\/div><div class=\"image-wrapper scale-with-grid\"><a class=\"link\" href=\"https:\/\/bonshop.com.br\/testes\/portfolio-item\/cold-play\/\"><img decoding=\"async\" width=\"1024\" height=\"800\" src=\"https:\/\/bonshop.com.br\/testes\/wp-content\/uploads\/2023\/01\/comapnha-cold-play-daikin-bonshop-2-1024x800-p-b.png.webp\" class=\"scale-with-grid wp-post-image\" alt=\"\" itemprop=\"image\" srcset=\"https:\/\/bonshop.com.br\/testes\/wp-content\/uploads\/2023\/01\/comapnha-cold-play-daikin-bonshop-2-1024x800-p-b.png.webp 1024w, https:\/\/bonshop.com.br\/testes\/wp-content\/uploads\/2023\/01\/comapnha-cold-play-daikin-bonshop-2-1024x800-p-b.png-300x234.webp 300w, https:\/\/bonshop.com.br\/testes\/wp-content\/uploads\/2023\/01\/comapnha-cold-play-daikin-bonshop-2-1024x800-p-b.png-768x600.webp 768w, https:\/\/bonshop.com.br\/testes\/wp-content\/uploads\/2023\/01\/comapnha-cold-play-daikin-bonshop-2-1024x800-p-b.png-96x75.webp 96w, https:\/\/bonshop.com.br\/testes\/wp-content\/uploads\/2023\/01\/comapnha-cold-play-daikin-bonshop-2-1024x800-p-b.png-480x375.webp 480w, https:\/\/bonshop.com.br\/testes\/wp-content\/uploads\/2023\/01\/comapnha-cold-play-daikin-bonshop-2-1024x800-p-b.png-800x625.webp 800w\" sizes=\"(max-width:767px) 480px, (max-width:1024px) 100vw, 1024px\" \/><\/a><\/div><\/div><\/li><li class=\"portfolio-item isotope-item category-finalizada wide has-thumbnail\"><div class=\"masonry-hover-wrapper\"><div class=\"hover-desc bg-light\" style=\"\"><div class=\"desc-inner\"><h5 class=\"entry-title \" itemprop=\"headline\"><a class=\"link\" href=\"https:\/\/bonshop.com.br\/testes\/portfolio-item\/cash-na-mao\/\">Bom pra K7 &#8211; LG<\/a><\/h5><div class=\"desc-wrapper\">Bom pra K7 &#8211; LG ESSA CAMPANHA \u00c9 BOA PRA K7!Chegou a hora de turbinar suas vendas de cassete LG para concorrer a pr\u00eamios incr\u00edveis! A<span class=\"excerpt-hellip\"> [\u2026]<\/span><\/div><\/div><div class=\"links-wrapper clearfix\"><a class=\"zoom\" href=\"https:\/\/bonshop.com.br\/testes\/wp-content\/uploads\/2022\/09\/lg-bom-pra-k7-finalizante-1024x800.png\" rel=\"prettyphoto\"><i class=\"icon-search\" aria-label=\"zoom image\"><\/i><\/a><a class=\"link\" href=\"https:\/\/bonshop.com.br\/testes\/portfolio-item\/cash-na-mao\/\"><i class=\"icon-link\" aria-label=\"go to link\"><\/i><\/a><\/div><\/div><div class=\"image-wrapper scale-with-grid\"><a class=\"link\" href=\"https:\/\/bonshop.com.br\/testes\/portfolio-item\/cash-na-mao\/\"><img decoding=\"async\" width=\"1280\" height=\"1000\" src=\"https:\/\/bonshop.com.br\/testes\/wp-content\/uploads\/2022\/09\/lg-bom-pra-k7-finalizante.png\" class=\"scale-with-grid wp-post-image\" alt=\"\" itemprop=\"image\" srcset=\"https:\/\/bonshop.com.br\/testes\/wp-content\/uploads\/2022\/09\/lg-bom-pra-k7-finalizante.png 1280w, https:\/\/bonshop.com.br\/testes\/wp-content\/uploads\/2022\/09\/lg-bom-pra-k7-finalizante-300x234.png 300w, https:\/\/bonshop.com.br\/testes\/wp-content\/uploads\/2022\/09\/lg-bom-pra-k7-finalizante-1024x800.png 1024w, https:\/\/bonshop.com.br\/testes\/wp-content\/uploads\/2022\/09\/lg-bom-pra-k7-finalizante-768x600.png 768w, https:\/\/bonshop.com.br\/testes\/wp-content\/uploads\/2022\/09\/lg-bom-pra-k7-finalizante-96x75.png 96w, https:\/\/bonshop.com.br\/testes\/wp-content\/uploads\/2022\/09\/lg-bom-pra-k7-finalizante-480x375.png 480w, https:\/\/bonshop.com.br\/testes\/wp-content\/uploads\/2022\/09\/lg-bom-pra-k7-finalizante-800x625.png 800w\" sizes=\"(max-width:767px) 480px, (max-width:1280px) 100vw, 1280px\" \/><\/a><\/div><\/div><\/li><li class=\"portfolio-item isotope-item category-finalizada wide has-thumbnail\"><div class=\"masonry-hover-wrapper\"><div class=\"hover-desc bg-light\" style=\"\"><div class=\"desc-inner\"><h5 class=\"entry-title \" itemprop=\"headline\"><a class=\"link\" href=\"https:\/\/bonshop.com.br\/testes\/portfolio-item\/va-mais-longe\/\">V\u00e1 Mais Longe<\/a><\/h5><div class=\"desc-wrapper\">V\u00e1 mais longe A campanha V\u00e1 Mais Longe em parceria com a Gree ser\u00e1 uma campanha conjunta entre UNIS e BONSHOP, destinada aos parceiros que comprarem<span class=\"excerpt-hellip\"> [\u2026]<\/span><\/div><\/div><div class=\"links-wrapper clearfix\"><a class=\"zoom\" href=\"https:\/\/bonshop.com.br\/testes\/wp-content\/uploads\/2022\/08\/campanha-va-mais-longe-gree-bonshop-p-b-1024x800.webp\" rel=\"prettyphoto\"><i class=\"icon-search\" aria-label=\"zoom image\"><\/i><\/a><a class=\"link\" href=\"https:\/\/bonshop.com.br\/testes\/portfolio-item\/va-mais-longe\/\"><i class=\"icon-link\" aria-label=\"go to link\"><\/i><\/a><\/div><\/div><div class=\"image-wrapper scale-with-grid\"><a class=\"link\" href=\"https:\/\/bonshop.com.br\/testes\/portfolio-item\/va-mais-longe\/\"><img loading=\"lazy\" decoding=\"async\" width=\"1280\" height=\"1000\" src=\"https:\/\/bonshop.com.br\/testes\/wp-content\/uploads\/2022\/08\/campanha-va-mais-longe-gree-bonshop-p-b.webp\" class=\"scale-with-grid wp-post-image\" alt=\"\" itemprop=\"image\" srcset=\"https:\/\/bonshop.com.br\/testes\/wp-content\/uploads\/2022\/08\/campanha-va-mais-longe-gree-bonshop-p-b.webp 1280w, https:\/\/bonshop.com.br\/testes\/wp-content\/uploads\/2022\/08\/campanha-va-mais-longe-gree-bonshop-p-b-300x234.webp 300w, https:\/\/bonshop.com.br\/testes\/wp-content\/uploads\/2022\/08\/campanha-va-mais-longe-gree-bonshop-p-b-1024x800.webp 1024w, https:\/\/bonshop.com.br\/testes\/wp-content\/uploads\/2022\/08\/campanha-va-mais-longe-gree-bonshop-p-b-768x600.webp 768w, https:\/\/bonshop.com.br\/testes\/wp-content\/uploads\/2022\/08\/campanha-va-mais-longe-gree-bonshop-p-b-96x75.webp 96w, https:\/\/bonshop.com.br\/testes\/wp-content\/uploads\/2022\/08\/campanha-va-mais-longe-gree-bonshop-p-b-480x375.webp 480w, https:\/\/bonshop.com.br\/testes\/wp-content\/uploads\/2022\/08\/campanha-va-mais-longe-gree-bonshop-p-b-800x625.webp 800w\" sizes=\"(max-width:767px) 480px, (max-width:1280px) 100vw, 1280px\" \/><\/a><\/div><\/div><\/li><\/ul><\/div>\n<\/div>\n\t\t\t\t<\/div>\n\t\t\t\t<\/div>\n\t\t\t\t\t<\/div>\n\t\t<\/div>\n\t\t\t\t\t<\/div>\n\t\t<\/section>\n\t\t\t\t<section data-particle_enable=\"false\" data-particle-mobile-disabled=\"false\" class=\"elementor-section elementor-top-section elementor-element elementor-element-87d86ad elementor-section-boxed elementor-section-height-default elementor-section-height-default\" data-id=\"87d86ad\" data-element_type=\"section\" data-e-type=\"section\">\n\t\t\t\t\t\t<div class=\"elementor-container elementor-column-gap-default\">\n\t\t\t\t\t<div class=\"elementor-column elementor-col-100 elementor-top-column elementor-element elementor-element-405ae7e\" data-id=\"405ae7e\" data-element_type=\"column\" data-e-type=\"column\">\n\t\t\t<div class=\"elementor-widget-wrap elementor-element-populated\">\n\t\t\t\t\t\t<div class=\"elementor-element elementor-element-c57d620 elementor-widget elementor-widget-spacer\" data-id=\"c57d620\" data-element_type=\"widget\" data-e-type=\"widget\" data-widget_type=\"spacer.default\">\n\t\t\t\t<div class=\"elementor-widget-container\">\n\t\t\t\t\t\t\t<div class=\"elementor-spacer\">\n\t\t\t<div class=\"elementor-spacer-inner\"><\/div>\n\t\t<\/div>\n\t\t\t\t\t\t<\/div>\n\t\t\t\t<\/div>\n\t\t\t\t\t<\/div>\n\t\t<\/div>\n\t\t\t\t\t<\/div>\n\t\t<\/section>\n\t\t\t\t<\/div>\n\t\t","protected":false},"excerpt":{"rendered":"<p>Campanhas Vigentes\u00a0 Copa Kart Unis e LG &#8211; 5\u00aa Edi\u00e7\u00e3o &#8211; Copy Copa Unis de Kart Unis e LG Vig\u00eancia:&nbsp; FinalizadaParceria: LG Defini\u00e7\u00f5es Chegou a hora<span class=\"excerpt-hellip\"> [\u2026]<\/span><\/p>\n","protected":false},"author":1,"featured_media":0,"parent":0,"menu_order":0,"comment_status":"closed","ping_status":"closed","template":"elementor_header_footer","meta":{"_joinchat":[],"footnotes":""},"class_list":["post-971","page","type-page","status-publish","hentry"],"yoast_head":"<!-- This site is optimized with the Yoast SEO Premium plugin v24.1 (Yoast SEO v27.4) - https:\/\/yoast.com\/product\/yoast-seo-premium-wordpress\/ -->\n<title>Campanhas - Bonshop - O seu melhor parceiro<\/title>\n<meta name=\"robots\" content=\"index, follow, max-snippet:-1, max-image-preview:large, max-video-preview:-1\" \/>\n<meta property=\"og:locale\" content=\"pt_BR\" \/>\n<meta property=\"og:type\" content=\"article\" \/>\n<meta property=\"og:title\" content=\"Campanhas\" \/>\n<meta property=\"og:description\" content=\"Campanhas Vigentes\u00a0 Copa Kart Unis e LG &#8211; 5\u00aa Edi\u00e7\u00e3o &#8211; Copy Copa Unis de Kart Unis e LG Vig\u00eancia:&nbsp; FinalizadaParceria: LG Defini\u00e7\u00f5es Chegou a hora [\u2026]\" \/>\n<meta property=\"og:url\" content=\"https:\/\/bonshop.com.br\/testes\/campanhas\/\" \/>\n<meta property=\"og:site_name\" content=\"Bonshop - O seu melhor parceiro\" \/>\n<meta property=\"article:publisher\" content=\"https:\/\/www.facebook.com\/unisarcondicionado1\" \/>\n<meta property=\"article:modified_time\" content=\"2025-07-28T21:01:59+00:00\" \/>\n<meta property=\"og:image\" content=\"https:\/\/bonshop.com.br\/testes\/wp-content\/uploads\/2024\/03\/copa-unis-de-kart-5-edicao-capa-1024x800-1.png\" \/>\n<meta name=\"twitter:card\" content=\"summary_large_image\" \/>\n<meta name=\"twitter:label1\" content=\"Est. tempo de leitura\" \/>\n\t<meta name=\"twitter:data1\" content=\"6 minutos\" \/>\n<script type=\"application\/ld+json\" class=\"yoast-schema-graph\">{\"@context\":\"https:\\\/\\\/schema.org\",\"@graph\":[{\"@type\":\"WebPage\",\"@id\":\"https:\\\/\\\/bonshop.com.br\\\/testes\\\/campanhas\\\/\",\"url\":\"https:\\\/\\\/bonshop.com.br\\\/testes\\\/campanhas\\\/\",\"name\":\"Campanhas - Bonshop - O seu melhor parceiro\",\"isPartOf\":{\"@id\":\"https:\\\/\\\/bonshop.com.br\\\/testes\\\/#website\"},\"primaryImageOfPage\":{\"@id\":\"https:\\\/\\\/bonshop.com.br\\\/testes\\\/campanhas\\\/#primaryimage\"},\"image\":{\"@id\":\"https:\\\/\\\/bonshop.com.br\\\/testes\\\/campanhas\\\/#primaryimage\"},\"thumbnailUrl\":\"https:\\\/\\\/bonshop.com.br\\\/testes\\\/wp-content\\\/uploads\\\/2024\\\/03\\\/copa-unis-de-kart-5-edicao-capa-1024x800-1.png\",\"datePublished\":\"2022-09-12T18:52:51+00:00\",\"dateModified\":\"2025-07-28T21:01:59+00:00\",\"breadcrumb\":{\"@id\":\"https:\\\/\\\/bonshop.com.br\\\/testes\\\/campanhas\\\/#breadcrumb\"},\"inLanguage\":\"pt-BR\",\"potentialAction\":[{\"@type\":\"ReadAction\",\"target\":[\"https:\\\/\\\/bonshop.com.br\\\/testes\\\/campanhas\\\/\"]}]},{\"@type\":\"ImageObject\",\"inLanguage\":\"pt-BR\",\"@id\":\"https:\\\/\\\/bonshop.com.br\\\/testes\\\/campanhas\\\/#primaryimage\",\"url\":\"https:\\\/\\\/bonshop.com.br\\\/testes\\\/wp-content\\\/uploads\\\/2024\\\/03\\\/copa-unis-de-kart-5-edicao-capa-1024x800-1.png\",\"contentUrl\":\"https:\\\/\\\/bonshop.com.br\\\/testes\\\/wp-content\\\/uploads\\\/2024\\\/03\\\/copa-unis-de-kart-5-edicao-capa-1024x800-1.png\"},{\"@type\":\"BreadcrumbList\",\"@id\":\"https:\\\/\\\/bonshop.com.br\\\/testes\\\/campanhas\\\/#breadcrumb\",\"itemListElement\":[{\"@type\":\"ListItem\",\"position\":1,\"name\":\"In\u00edcio\",\"item\":\"https:\\\/\\\/bonshop.com.br\\\/testes\\\/\"},{\"@type\":\"ListItem\",\"position\":2,\"name\":\"Campanhas\"}]},{\"@type\":\"WebSite\",\"@id\":\"https:\\\/\\\/bonshop.com.br\\\/testes\\\/#website\",\"url\":\"https:\\\/\\\/bonshop.com.br\\\/testes\\\/\",\"name\":\"Bonshop - O seu melhor parceiro\",\"description\":\"Ar-condicionado\",\"publisher\":{\"@id\":\"https:\\\/\\\/bonshop.com.br\\\/testes\\\/#organization\"},\"potentialAction\":[{\"@type\":\"SearchAction\",\"target\":{\"@type\":\"EntryPoint\",\"urlTemplate\":\"https:\\\/\\\/bonshop.com.br\\\/testes\\\/?s={search_term_string}\"},\"query-input\":{\"@type\":\"PropertyValueSpecification\",\"valueRequired\":true,\"valueName\":\"search_term_string\"}}],\"inLanguage\":\"pt-BR\"},{\"@type\":\"Organization\",\"@id\":\"https:\\\/\\\/bonshop.com.br\\\/testes\\\/#organization\",\"name\":\"Bonshop - O seu melhor parceiro\",\"url\":\"https:\\\/\\\/bonshop.com.br\\\/testes\\\/\",\"logo\":{\"@type\":\"ImageObject\",\"inLanguage\":\"pt-BR\",\"@id\":\"https:\\\/\\\/bonshop.com.br\\\/testes\\\/#\\\/schema\\\/logo\\\/image\\\/\",\"url\":\"https:\\\/\\\/bonshop.com.br\\\/testes\\\/wp-content\\\/uploads\\\/2022\\\/08\\\/logo-unis-retina.png\",\"contentUrl\":\"https:\\\/\\\/bonshop.com.br\\\/testes\\\/wp-content\\\/uploads\\\/2022\\\/08\\\/logo-unis-retina.png\",\"width\":394,\"height\":110,\"caption\":\"Bonshop - O seu melhor parceiro\"},\"image\":{\"@id\":\"https:\\\/\\\/bonshop.com.br\\\/testes\\\/#\\\/schema\\\/logo\\\/image\\\/\"},\"sameAs\":[\"https:\\\/\\\/www.facebook.com\\\/unisarcondicionado1\",\"https:\\\/\\\/www.instagram.com\\\/unisarcondicionado\\\/\"]}]}<\/script>\n<!-- \/ Yoast SEO Premium plugin. -->","yoast_head_json":{"title":"Campanhas - Bonshop - O seu melhor parceiro","robots":{"index":"index","follow":"follow","max-snippet":"max-snippet:-1","max-image-preview":"max-image-preview:large","max-video-preview":"max-video-preview:-1"},"og_locale":"pt_BR","og_type":"article","og_title":"Campanhas","og_description":"Campanhas Vigentes\u00a0 Copa Kart Unis e LG &#8211; 5\u00aa Edi\u00e7\u00e3o &#8211; Copy Copa Unis de Kart Unis e LG Vig\u00eancia:&nbsp; FinalizadaParceria: LG Defini\u00e7\u00f5es Chegou a hora [\u2026]","og_url":"https:\/\/bonshop.com.br\/testes\/campanhas\/","og_site_name":"Bonshop - O seu melhor parceiro","article_publisher":"https:\/\/www.facebook.com\/unisarcondicionado1","article_modified_time":"2025-07-28T21:01:59+00:00","og_image":[{"url":"https:\/\/bonshop.com.br\/testes\/wp-content\/uploads\/2024\/03\/copa-unis-de-kart-5-edicao-capa-1024x800-1.png","type":"","width":"","height":""}],"twitter_card":"summary_large_image","twitter_misc":{"Est. tempo de leitura":"6 minutos"},"schema":{"@context":"https:\/\/schema.org","@graph":[{"@type":"WebPage","@id":"https:\/\/bonshop.com.br\/testes\/campanhas\/","url":"https:\/\/bonshop.com.br\/testes\/campanhas\/","name":"Campanhas - Bonshop - O seu melhor parceiro","isPartOf":{"@id":"https:\/\/bonshop.com.br\/testes\/#website"},"primaryImageOfPage":{"@id":"https:\/\/bonshop.com.br\/testes\/campanhas\/#primaryimage"},"image":{"@id":"https:\/\/bonshop.com.br\/testes\/campanhas\/#primaryimage"},"thumbnailUrl":"https:\/\/bonshop.com.br\/testes\/wp-content\/uploads\/2024\/03\/copa-unis-de-kart-5-edicao-capa-1024x800-1.png","datePublished":"2022-09-12T18:52:51+00:00","dateModified":"2025-07-28T21:01:59+00:00","breadcrumb":{"@id":"https:\/\/bonshop.com.br\/testes\/campanhas\/#breadcrumb"},"inLanguage":"pt-BR","potentialAction":[{"@type":"ReadAction","target":["https:\/\/bonshop.com.br\/testes\/campanhas\/"]}]},{"@type":"ImageObject","inLanguage":"pt-BR","@id":"https:\/\/bonshop.com.br\/testes\/campanhas\/#primaryimage","url":"https:\/\/bonshop.com.br\/testes\/wp-content\/uploads\/2024\/03\/copa-unis-de-kart-5-edicao-capa-1024x800-1.png","contentUrl":"https:\/\/bonshop.com.br\/testes\/wp-content\/uploads\/2024\/03\/copa-unis-de-kart-5-edicao-capa-1024x800-1.png"},{"@type":"BreadcrumbList","@id":"https:\/\/bonshop.com.br\/testes\/campanhas\/#breadcrumb","itemListElement":[{"@type":"ListItem","position":1,"name":"In\u00edcio","item":"https:\/\/bonshop.com.br\/testes\/"},{"@type":"ListItem","position":2,"name":"Campanhas"}]},{"@type":"WebSite","@id":"https:\/\/bonshop.com.br\/testes\/#website","url":"https:\/\/bonshop.com.br\/testes\/","name":"Bonshop - O seu melhor parceiro","description":"Ar-condicionado","publisher":{"@id":"https:\/\/bonshop.com.br\/testes\/#organization"},"potentialAction":[{"@type":"SearchAction","target":{"@type":"EntryPoint","urlTemplate":"https:\/\/bonshop.com.br\/testes\/?s={search_term_string}"},"query-input":{"@type":"PropertyValueSpecification","valueRequired":true,"valueName":"search_term_string"}}],"inLanguage":"pt-BR"},{"@type":"Organization","@id":"https:\/\/bonshop.com.br\/testes\/#organization","name":"Bonshop - O seu melhor parceiro","url":"https:\/\/bonshop.com.br\/testes\/","logo":{"@type":"ImageObject","inLanguage":"pt-BR","@id":"https:\/\/bonshop.com.br\/testes\/#\/schema\/logo\/image\/","url":"https:\/\/bonshop.com.br\/testes\/wp-content\/uploads\/2022\/08\/logo-unis-retina.png","contentUrl":"https:\/\/bonshop.com.br\/testes\/wp-content\/uploads\/2022\/08\/logo-unis-retina.png","width":394,"height":110,"caption":"Bonshop - O seu melhor parceiro"},"image":{"@id":"https:\/\/bonshop.com.br\/testes\/#\/schema\/logo\/image\/"},"sameAs":["https:\/\/www.facebook.com\/unisarcondicionado1","https:\/\/www.instagram.com\/unisarcondicionado\/"]}]}},"_links":{"self":[{"href":"https:\/\/bonshop.com.br\/testes\/wp-json\/wp\/v2\/pages\/971","targetHints":{"allow":["GET"]}}],"collection":[{"href":"https:\/\/bonshop.com.br\/testes\/wp-json\/wp\/v2\/pages"}],"about":[{"href":"https:\/\/bonshop.com.br\/testes\/wp-json\/wp\/v2\/types\/page"}],"author":[{"embeddable":true,"href":"https:\/\/bonshop.com.br\/testes\/wp-json\/wp\/v2\/users\/1"}],"replies":[{"embeddable":true,"href":"https:\/\/bonshop.com.br\/testes\/wp-json\/wp\/v2\/comments?post=971"}],"version-history":[{"count":41,"href":"https:\/\/bonshop.com.br\/testes\/wp-json\/wp\/v2\/pages\/971\/revisions"}],"predecessor-version":[{"id":3391,"href":"https:\/\/bonshop.com.br\/testes\/wp-json\/wp\/v2\/pages\/971\/revisions\/3391"}],"wp:attachment":[{"href":"https:\/\/bonshop.com.br\/testes\/wp-json\/wp\/v2\/media?parent=971"}],"curies":[{"name":"wp","href":"https:\/\/api.w.org\/{rel}","templated":true}]}}